5*l - 17. Calculate the remainder when 601 is divided by p(-10).
7
Let f = -733 + 795. What is the remainder when 1944 is divided by f?
22
Let p be 12*(-8)/12 - 2. Let b be (-1)/2 + (-355)/p + 0. Suppose 2*m = n - 13, 2*n - b = 2*m - m. What is the remainder when 75 is divided by n?
18
Suppose -31*f = -94 - 402. What is the remainder when (6/9)/(0 - 6/(-513)) is divided by f?
9
Let f be -6*(-1)/2 + -8. Let l(g) = -g**3 - 3*g**2 + 5*g - 6. Calculate the remainder when 19024/205 + (-8)/(-60)*-6 is divided by l(f).
16
Suppose 30 = -2*k + 7*k, -5*t + 5*k + 100 = 0. What is the remainder when 161 is divided by t?
5
Let s = -268 + 285. Let r(u) = u - 5. What is the remainder when 38 is divided by r(s)?
2
Let r(k) = -3*k. Let g be r(1). Let n be (-3 + 4)*(g - -7 - 2). Suppose a - 90 = -n*a. What is the remainder when a is divided by 8?
6
Suppose -26*g + 22*g = -5*i - 4281, -2*g - 3*i = -2135. Calculate the remainder when g is divided by 159.
115
Suppose f = 5*c - 199, -3*f = -5*c - 88 + 295. Let q = -67 - -71. Calculate the remainder when c is divided by q.
3
Suppose -50 + 44 = -2*s, 6*g - 36771 = 5*s. Calculate the remainder when g is divided by 13.
8
Suppose a - 21 - 7 = -3*j, -3*a + 2*j + 150 = 0. Calculate the remainder when 229 is divided by a.
45
Calculate the remainder when 220 is divided by 1/((-1)/15*3 - (-9)/40).
20
Suppose -2*j - 3*c + 6569 = 0, 0 = 344*j - 340*j - 2*c - 13210. Calculate the remainder when j is divided by 50.
48
Let q be -91 + 87 + 7*-1 + 0. What is the remainder when 44*(-5 - q/(88/60)) is divided by 35?
5
Let z(f) = 17*f + 1695. Suppose -2*x + 5*j = 2*x - 257, 4*j = -5*x + 270. What is the remainder when x is divided by z(-99)?
10
Suppose -212*d + 1444 = -375*d + 201*d. What is the remainder when d is divided by 6?
2
Let c(a) = 159*a - 2706. Calculate the remainder when c(18) is divided by 140.
16
Suppose 3*k - 6 = 0, -s + 4*k = 1 - 4. Let a be -12*s/(66/20). What is the remainder when 10 is divided by (-8)/(-24) - a/6?
3
Suppose 4*j = 2 + 22. Suppose -s - 5*u - j = 0, 4*u = -3*s + u - 6. What is the remainder when s + (7 - 3) + 128 is divided by 45?
41
Suppose -5*b + 12*b = 182. Let u be 13/(b/2412) - 2. Calculate the remainder when (-1 + -1)*u/(-14) is divided by 29.
27
Suppose -3*m = 2*j - 617, m + 128 = 3*j - 781. Calculate the remainder when j is divided by ((-6)/3 - 3) + 14.
7
Suppose 98 = 5*t + 2*b, 0 = 4*t + 2*b - 3*b - 81. Let s(k) = k**3 + 8*k**2 - 17*k - 57. Calculate the remainder when s(-6) is divided by t.
17
Let t(u) = -u**2 + 7*u - 6. Let r be t(6). Suppose -4*g = d - 9, -2*d = -4*g - r*g - 78. What is the remainder when ((-172)/(-3))/(2/3) is divided by d?
28
Suppose -109*h = -100*h - 99. What is the remainder when 44 - 5 - (-2)/(-2) is divided by h?
5
Let k = -137 - -149. Let b = -5 + 4. Calculate the remainder when ((-180)/4)/(-2 - b) is divided by k.
9
Let d = 33 + -14. Let z(l) = 5*l**3 + 255*l**2 + 5*l + 258. What is the remainder when d is divided by z(-51)?
1
Let a(x) = 2*x + 5. Calculate the remainder when (6/(-10))/(5 + (-4760)/950) is divided by a(5).
12
Suppose -55 = -5*u + 5*y, -5*y - 53 = -4*u - 7. Suppose u*a - 11*a = -4*x, -5*x + 5 = 0. What is the remainder when a is divided by 1?
0
Let b = 498 + -489. Suppose 3*v - 2*o + 3*o - 20 = 0, -4*o = -20. Suppose 3*w + 2*w - 313 = n, v*w - 304 = -2*n. Calculate the remainder when w is divided by b.
8
Let p = 13950 - 13510. What is the remainder when p is divided by 216?
8
Let y be (4/6)/((-1)/120). Calculate the remainder when ((-25)/(-10) - 4)*y is divided by 42.
36
Suppose -24 = 2*n - 130. Let f = 17994 + -17678. What is the remainder when f is divided by n?
51
Suppose 53*v - 372 = 381 + 1420. Let c = 26 - 1. Suppose -4*k = -2*p - 58, -p - c = -2*k + 4*p. Calculate the remainder when v is divided by k.
11
Let g(h) = 14*h + 23. Suppose 648 = -5*o + 9*o. Suppose -2*i + o = 4*i. Calculate the remainder when g(6) is divided by i.
26
Suppose -4*t - 90 = -2*t. Let p = t - -48. Suppose 9*x - 108 = p*x. What is the remainder when 35 is divided by x?
17
Let k(p) = -2*p**2 + 16*p + 9. Let d(l) = -l**2 + 8*l + 4. Let j = 39 + -35. Let g(n) = j*k(n) - 7*d(n). Calculate the remainder when 38 is divided by g(8).
6
Let s(y) = -y**3 + 18*y**2 + 12*y - 193. What is the remainder when s(16) is divided by 9?
7
Suppose -x = -0*j + 5*j - 29, j - 1 = x. Suppose -5*h + 9 + 8 = 2*b, -2*b + 14 = x*h. Calculate the remainder when 38 is divided by (4/10)/(h/75).
8
Let y(z) = -2*z**2 + 15*z - 2. Let f be y(7). Let j be (-1)/(-5) + (-41)/f. Let s(o) = 2*o + 45. Calculate the remainder when 112 is divided by s(j).
25
Suppose 0 = -26*i + 29*i - 12. Let s(p) = 11*p + i - 9*p + p + 2*p. Calculate the remainder when s(3) is divided by 5.
4
Suppose -2*m + 33 = -175. Let d = -171 + m. Let x = d - -131. Calculate the remainder when x is divided by 13.
12
Let r(y) = 2*y + 10 + 0 - 5 - 2. What is the remainder when 104 is divided by r(16)?
34
Calculate the remainder when 840 is divided by ((-18)/(-12))/((-2194)/(-548) - 4).
18
Let t(v) = -13*v**3 + 3*v**2 + v - 1. Let p be 3 + 3 + 4 + -24. Let x = p + 12. What is the remainder when t(x) is divided by 19?
18
Let y(s) = -s**2 - 6*s. Let g be y(-6). Suppose 5*a - 23 - 27 = g. Suppose t + a = 29. What is the remainder when t is divided by 5?
4
Let t(f) = 8775*f - 70 - 8795*f - 41. What is the remainder when (-354)/(-14) - 4/14 is divided by t(-6)?
7
Let m = -3 + 11. Calculate the remainder when 73 is divided by (-1*(-4 + m))/(-1).
1
Suppose 1848 + 825 = 11*s. Calculate the remainder when s is divided by 50.
43
Let h = 216 + -86. Let z = h - 124. Let i(u) = u + 25. Calculate the remainder when 184 is divided by i(z).
29
Suppose 66*f = -5*f + 14018 + 35469. What is the remainder when f is divided by 113?
19
Let c be ((-4)/(-2) + -5)*(5 + -3). Let k be ((-16)/24)/(c/(-27)). What is the remainder when 169 is divided by (-524)/72*-6 - (-2)/k?
40
Let p = -51 - -56. Suppose 3*m = p*m + 176. Let k = 98 + m. Calculate the remainder when 28 is divided by k.
8
Let s = 704 + -699. Let g(w) = -2*w - 1. Let l be g(-2). Suppose s*i - 64 = -l*i. What is the remainder when 13 is divided by i?
5
Suppose -o + 24 = 2*h, 10*o = h + 5*o - 1. Suppose 4 = 3*v - 5. Let b = v + 16. What is the remainder when b is divided by h?
8
Suppose 0 = 3*d + 4*z - 150, 4*d + 13*z - 5*z - 184 = 0. Suppose -5*k + 5*j = -98 - 7, -5*j - 59 = -3*k. What is the remainder when d is divided by k?
12
Suppose -n - 3*a + 104 = 0, -4*n + 816*a + 400 = 812*a. Calculate the remainder when 484 is divided by n.
80
Let b(i) = i**3 + 32*i**2 - 65*i + 111. Let o(z) = z - 51. Let l be o(17). What is the remainder when 123 is divided by b(l)?
6
Let z(c) = -c**3 - 17*c**2 + 16*c - 25. Let p be z(-18). Suppose 2*v = 10, p*v - 10*v = -4*s + 209. Calculate the remainder when s is divided by 18.
15
Let x(m) = -2*m**2 - 53*m - 117. Calculate the remainder when x(-15) is divided by 125.
103
Suppose 7*m = 376 - 264. What is the remainder when 131 is divided by (-12 + -5 + m)/((-2)/94)?
37
Calculate the remainder when (-297342)/(-10) + 452/565 is divided by 84.
83
Suppose -2*s = -69 - 33. Let y be ((-1768)/78)/(12/(-27)). Suppose 0 = -y*m - 5*m + 1456. Calculate the remainder when s is divided by m.
25
Suppose 4*k = -4 + 8, j = 4*k + 11. Suppose -30 = -j*t + 45. Calculate the remainder when 9 is divided by t.
4
Suppose 2*m = -2*w + 534, -3*w - m + 1047 = w. What is the remainder when 790 is divided by w?
10
What is the remainder when 224/1680 + 38784/45 is divided by 32?
30
Let w = -209 - -207. Calculate the remainder when 576/40 - 5/((-25)/w) is divided by 11.
3
Suppose -12*l = -1595 - 1021. What is the remainder when l is divided by 73?
72
Let l be ((-15)/(225/(-6)))/((-1)/(-235)). Suppose -5*y + 0*y + 252 = 4*q, 0 = -2*y - 5*q + l. Calculate the remainder when 466 is divided by y.
50
Let y(p) = p**2 - 20*p - 59. Let n(u) = -7*u**2 - 5*u**2 + 15*u**2 + 18*u**2. What is the remainder when n(1) is divided by y(23)?
1
Let g = 1594 + -1620. Suppose v = -4*h + 15, -25 = -3*v - 2*h + 70. Calculate the remainder when v is divided by (-429)/g*(-4)/(-11).
5
Suppose 4*z = 837 - 233. Suppose -102 = -2*l + 4*h + 54, 3*h + z = 2*l. Calculate the remainder when l is divided by 28.
12
Let o(g) = -5*g**2 - 202*g